e remainder when c(1) is divided by l.
10
What is the remainder when (2 + -1)/1*25 is divided by (13 + 0/(-4*1))*1?
12
Suppose -198*a = -199*a + 20. Let d be (-1)/1 - (-5 + 2). Suppose -3*o = -d*o - 38. What is the remainder when o is divided by a?
18
Let d = 8 - 1. What is the remainder when 12 is divided by d?
5
What is the remainder when -2 - (306/(-3) - -2) is divided by 33?
32
Let p = 147 - 225. Let y = -91 + 56. Let g = y - p. Calculate the remainder when g is divided by 22.
21
Let a(v) = 3*v + 22. What is the remainder when 71 is divided by a(5)?
34
Suppose -14 = -3*r + 7. Calculate the remainder when 23 is divided by r.
2
Suppose -5*z + 2*z + 21 = 0. What is the remainder when 38/4*(-2 + 4) is divided by z?
5
Let n(a) = -10*a + 1. Let x be n(-1). Let d = x - -8. Calculate the remainder when d is divided by 5.
4
Suppose -16*l + 318 = -130. Calculate the remainder when 70 is divided by l.
14
Suppose -2*x = 1 - 9. Suppose -3*c + 19 = x*n, 0*n - 20 = 5*n - 5*c. Suppose 0 = -3*d + 9. What is the remainder when d is divided by n?
0
Suppose 2*v - 3*v + 1 = 0. Let l be 1*(1 + (-6 - 0)). Let d = 6 + l. What is the remainder when d is divided by v?
0
Let y(s) = -s**2 - 4*s + 4. Let r be y(-4). Suppose r*z = -z + 30. Calculate the remainder when ((-5)/1 - 19)*(-4)/6 is divided by z.
4
Suppose 0 = -v + 67 + 8. What is the remainder when 19 is divided by (4/(-3))/((-10)/v)?
9
Suppose -5*h = 5*k - 45, -4*h - 13 + 57 = -4*k. Suppose 3*q - 2 = h. Calculate the remainder when 40 is divided by 13 + 2*2/q.
12
Suppose 5*t + 2*k - 371 = 0, -3*t - 3*k + 294 = t. Suppose -5*d + t = -0*d. Calculate the remainder when 44 is divided by d.
14
Let t be (5 - -25)/(6/8). Suppose t = 2*r - 6. Calculate the remainder when 67 is divided by r.
21
Let g = 107 - 98. What is the remainder when 76 is divided by g?
4
Suppose -2*s = s - 54. Calculate the remainder when 70 is divided by s.
16
Let h(o) = -3*o - 2. Calculate the remainder when h(-5) is divided by 4.
1
Let w = 43 - 37. What is the remainder when 12 is divided by w?
0
Let h(o) = -o**3 + 9*o**2 + o + 4. What is the remainder when h(9) is divided by 4?
1
Let n = 0 - 0. Suppose -234 = -c - 2*c - 3*a, -c - 4*a + 90 = n. What is the remainder when c is divided by 25?
24
Suppose -x + 18 = -3*d - 4*x, 4*d + 14 = -2*x. Calculate the remainder when (-48)/10*25/(-10) is divided by ((-1)/d)/((-3)/(-21)).
5
Let n = -47 + 82. What is the remainder when 139 is divided by n?
34
Let q(f) = -7*f + 19. What is the remainder when q(-4) is divided by 28?
19
Let m = 40 + -27. Calculate the remainder when m is divided by 1*12/4 - -4.
6
Calculate the remainder when 159 is divided by 1*(-3 - -44*1).
36
Suppose -2*q + 8 = -22. Suppose -g + 5*n + 4 = -9, 4*g - 27 = -5*n. Calculate the remainder when q is divided by g.
7
Let u = -300 - -327. Suppose -23 - 79 = -2*y. What is the remainder when y is divided by u?
24
Let n(h) = h**2 - 12*h + 13. Calculate the remainder when n(12) is divided by 5.
3
Suppose 0 = b - 4*c + 5*c - 5, 28 = 5*b + 4*c. Suppose -5*q - 18 = r, 3*r - 2*r = -3*q - b. What is the remainder when 20 is divided by r?
6
Let j(m) = -1 - 3*m**2 + m + m**3 - m + m. Calculate the remainder when (-5)/(5/3) - -40 is divided by j(4).
18
Let d(r) = r**3 + r**2 - r + 9. Let s be d(0). Suppose -s = 3*c - 165. Suppose 2*l = 6*l - c. What is the remainder when 37 is divided by l?
11
What is the remainder when 13 is divided by (-10)/4*(-4 - -2)?
3
Let u be 4 - 2 - 42/(-3). Suppose 5*y = -u - 29. Let i = -5 - y. Calculate the remainder when 10 is divided by i.
2
Suppose 4*b = 130 - 6. What is the remainder when b is divided by (15 - -1) + 0 + 0?
15
Let h = 8 + -5. Suppose -3*q = h*z - 135, q - 3*z - 47 + 14 = 0. What is the remainder when -4*(-2)/12*q is divided by 15?
13
Let n(s) = s**3 + 4*s**3 + 5*s**2 - 6*s**3 - 5 + 3*s. Let o be n(5). Let h = o + 2. Calculate the remainder when h is divided by 7.
5
Let q = 76 + -60. What is the remainder when 29 is divided by q?
13
Let y = 10 + -10. Suppose 4*g + g - 80 = y. Calculate the remainder when g is divided by 2/(-10) + 62/10.
4
Let m(b) = b**2 + b + 5. What is the remainder when 18 is divided by m(0)?
3
Let r = 53 - 38. What is the remainder when 44 is divided by r?
14
Let v(i) = -i**3 + 8*i**2 - 6*i - 3. Let m be v(7). Suppose -q + m*q = 6. Let k = q + 12. Calculate the remainder when k is divided by 5.
4
Suppose 4*o - 8 = 0, -3*m + 0*m + 3*o = -159. What is the remainder when m is divided by 19?
17
Let f(k) = -16*k**3 + k**2 + k - 1. What is the remainder when 23 is divided by f(-1)?
8
Let c = 9 + -5. Let p(u) = -4*u**2 + 7*u + 3. Let o(n) = 2*n**2 - 4*n - 2. Let i(t) = -5*o(t) - 3*p(t). Calculate the remainder when c is divided by i(1).
0
Suppose q = 5*q + 2*h, -q + 2*h = -10. Suppose q*m - 5*v + 4*v - 60 = 0, 2*m + 3*v - 76 = 0. Calculate the remainder when m is divided by 11.
10
Suppose 5*i - 356 = -2*d, -i + 3*i = d + 137. What is the remainder when (-2)/5 - (-728)/i is divided by 6?
4
Let w(s) = s + 20. Let p(u) = 4*u - 1. Let m be p(4). Suppose -12*b - 117 = -m*b. What is the remainder when b is divided by w(0)?
19
Let c = -4 - -5. Let k = 14 + c. Let v(q) = 6*q**2 - 4*q + 1. What is the remainder when v(3) is divided by k?
13
Let m(w) = -w**3 + 12*w**2 + 5*w - 18. Let o(a) = -a**2 + 15*a - 5. What is the remainder when m(12) is divided by o(14)?
6
Let w = -29 - -58. Suppose -111*z = -88*z - 345. Calculate the remainder when w is divided by z.
14
Suppose -4 = -0*t + t, -2*t = -4*p + 20. Suppose -2*k = 4*w - 30, -2*w + 5*w = -5*k + 40. What is the remainder when k is divided by p?
2
Suppose -25 - 79 = -2*u. Let l be 4/10 + u/20. Suppose 0 = c - 5*v - 18, -36 = -2*c - l*v. Calculate the remainder when c is divided by 5.
3
Let r(c) = -11*c. Calculate the remainder when 41 - (1 - (-1)/(-1)) is divided by r(-1).
8
Suppose -24 = -4*w - 0*w. What is the remainder when 46 is divided by w?
4
Let s be 4/6 - 3/(-9). Let u = 17 - s. Suppose -2*z - z + 141 = 0. What is the remainder when z is divided by u?
15
Let y be -1*(-5 + (1 - 0)). Suppose y*w - 30 = 3*w + 3*p, -w + 4*p + 32 = 0. Calculate the remainder when w is divided by (26/(-4))/(2/(-4)).
11
Let k = 17 - -16. Let l = 25 - 13. What is the remainder when k is divided by l?
9
Suppose -4*h + 414 - 122 = 0. Suppose -32 = 2*i - 4*a - 78, 4*a = -8. What is the remainder when h is divided by i?
16
What is the remainder when 14/(2/11 - 0) is divided by 13?
12
Let g(f) = -f**2 - 9*f + 18. Calculate the remainder when 34 is divided by g(-9).
16
Let w(t) = t**2 + 5*t + 4. Suppose -2*d = -d - 4. What is the remainder when w(-6) is divided by d?
2
Let n = -14 - 20. What is the remainder when 22 is divided by (n/(-10) - 1)*5?
10
Let h(y) = 7*y + 4. Let f(z) = -6*z + 2. What is the remainder when h(5) is divided by f(-2)?
11
Let z = 5 + -5. Suppose a = -z*a + 4. What is the remainder when a is divided by 2?
0
Suppose 4*o = 9*o - 30. What is the remainder when 11 is divided by o?
5
Let i = 7 + -5. Let q(g) = 2*g**2 - 2*g - 1. Let v be q(i). Suppose -4*c = -v*c - 4. What is the remainder when c is divided by 3?
1
Let y(l) = -2*l - 9. Let w = -4 + -3. Let k(d) = d - 3. Calculate the remainder when k(11) is divided by y(w).
3
Calculate the remainder when ((-4)/6 - -1)*42 is divided by 4.
2
Suppose 2*q + 0*q + 4*u = 50, 3*q + 3*u - 69 = 0. Calculate the remainder when 40 is divided by q.
19
Let i = -80 - -87. Suppose y - t - 33 = -3*t, 2*y - 63 = -3*t. Calculate the remainder when y is divided by i.
6
Let f be ((-2)/(-4))/(5/20). What is the remainder when (6/f)/3*7 is divided by 5?
2
Suppose -110 + 1007 = 4*j - 5*n, -n = 1. What is the remainder when j is divided by 57?
52
Suppose 12*h = 5*h + 189. Calculate the remainder when h is divided by 7.
6
Suppose 2*f - 5 = -1. Suppose 3*s - 33 = -3*v, -2*v + 10 = s + 1. Calculate the remainder when 147/f*6/9 is divided by s.
10
Suppose -2 + 306 = 8*m. Suppose 0*h = -4*h + 268. Suppose 2*u + 3*o = -2*u + h, 0 = -2*o + 10. What is the remainder when m is divided by u?
12
Calculate the remainder when -5 - -68 - -4 - -2 is divided by 18.
15
Let p(i) = -i**3 + i**2 - 2*i + 1. Suppose -5*b + 0 = -10. Let s be p(b). Let a = s - -19. Calculate the remainder when 22 is divided by a.
10
Suppose -75*r + 79*r - 580 = 0. 